prime factors of 2 - (-7)/((-21)/(-36))?
2, 7
Let t = 9 - 9. Let y(l) = -l + 2. Let d be y(t). Suppose -d*h = 3*h - 20. What are the prime factors of h?
2
Let h(p) = -12*p. Let j be h(-1). Let g be 16/j*(-6)/(-4). Suppose 0*n + g*n = 4. What are the prime factors of n?
2
Suppose 44*r + 108 = 47*r. List the prime factors of r.
2, 3
Suppose 0*m + m + 32 = 5*n, 3*n = 3*m + 48. Let w(k) = -k**2 - 2*k + 6. Let j be w(4). Let p = m - j. List the prime factors of p.
2, 3
Suppose 0 = 3*z - 2*j + 19, 0*z + 4*z - j + 27 = 0. Let q(a) = a + 9. List the prime factors of q(z).
2
Suppose -n = n - 48. Let p = -11 + n. List the prime factors of p.
13
Suppose 41 = -2*n + 101. What are the prime factors of n?
2, 3, 5
Let k = 8 + -6. Let p(y) = 2 - 8*y - y**k - 2 - 4. List the prime factors of p(-5).
11
What are the prime factors of (-11)/(55/(-300)) - -4?
2
Let r be ((-6)/(-3))/(2*-1). Let f = r + -7. Let n = -2 - f. List the prime factors of n.
2, 3
Let h = 559 + -93. List the prime factors of h.
2, 233
Suppose 9*s - 2056 = -760. What are the prime factors of s?
2, 3
Suppose 0 = 3*o - 0*o + 3*g - 393, 3*g - 15 = 0. List the prime factors of o.
2, 3, 7
Suppose -4*x = 4, k - 2*x = -0*x + 10. Let v be 2/k - (-15)/4. Let p = -2 + v. List the prime factors of p.
2
Let d = 19 - 7. Suppose d = 4*u - 36. What are the prime factors of u?
2, 3
Let u(m) = -m**2 - 11*m + 14. Let k be u(-12). Let p = 13 - k. List the prime factors of p.
11
Let v = 218 + -76. What are the prime factors of v?
2, 71
Let d = -5 + 6. Suppose j - 4 = -d. Suppose 8 = 4*y - j*y. List the prime factors of y.
2
Let n(u) = 3*u - 8. Let m(s) be the third derivative of s**4/6 - 4*s**3/3 + 2*s**2. Let k(x) = -5*m(x) + 6*n(x). List the prime factors of k(-9).
2, 5
Suppose f = 5*j - 12, -2*j - j - 50 = -5*f. List the prime factors of f.
13
Let v = 63 + 29. What are the prime factors of v?
2, 23
Suppose -2*l + 2520 = 7*l. What are the prime factors of l?
2, 5, 7
Suppose 3*w = 2*w - 2*d + 7, 5*d = -2*w + 12. Let p = 17 - w. Suppose r = p*r - 55. List the prime factors of r.
11
Let t be (1 + -2)/(1/(-17)). Let h = t - 3. What are the prime factors of h?
2, 7
Let u = 38 + -31. List the prime factors of u.
7
Let i(b) = -12*b - 20. What are the prime factors of i(-5)?
2, 5
Suppose -5*k + 3*p + 59 = 18, 4*k - p - 30 = 0. What are the prime factors of k?
7
Suppose g - 17 = 4*w - 81, 0 = 3*w - 4*g - 61. What are the prime factors of (12/w)/(4/150)?
2, 3, 5
Suppose -52 - 62 = 3*c. Let y = c - -58. What are the prime factors of y?
2, 5
Suppose -4*z - 2*i = -0*i - 400, -5*z - 4*i = -497. List the prime factors of z.
101
Let z(h) be the third derivative of -17*h**5/120 + h**4/24 + h**3/3 + h**2. Let u(f) be the first derivative of z(f). List the prime factors of u(-1).
2, 3
Let s(c) = c**3 - 9*c**2 + 9*c - 5. Let f be s(8). Let p be f - (-3 + 3/3). Suppose 113 + 0 = p*w - 2*y, -121 = -5*w + 4*y. What are the prime factors of w?
3, 7
Let x(i) = 2*i**2 + 8*i + 8. Let d = 11 + -16. What are the prime factors of x(d)?
2, 3
Suppose n - 20 = 5*n - 5*u, -5*n - 5*u + 20 = 0. Suppose 102 = 3*b + 3*f - 21, n = 2*b - 5*f - 110. What are the prime factors of b?
3, 5
Let j = 6 - 2. Suppose -38 = 2*i - j*i + 4*d, 0 = 4*i - 5*d - 67. List the prime factors of i.
13
Let y(t) = 2*t**2 - 4*t - 5. Let c(l) = l**3 + 3*l**2 - 5*l. Let s be c(-4). List the prime factors of y(s).
11
What are the prime factors of (-2517)/(-7) + (-60)/105?
359
Let n = 12 - 25. Let v(u) = -u**3 - 12*u**2 + 11*u - 18. List the prime factors of v(n).
2
Let w(r) = 8*r**2 - 3*r - 5. What are the prime factors of w(4)?
3, 37
Suppose 2*t = t - c, 0 = -2*t + 4*c. Let z = t - -15. List the prime factors of (-1)/2 - z/(-6).
2
Let v(n) be the second derivative of n**5/20 + n**4/3 - n**3 + 7*n**2/2 - 2*n. List the prime factors of v(-5).
2, 3
Suppose -4*r + 5 = -4*x - 11, 0 = 2*r + x - 5. Suppose r*m - 14 = -41. Let y(q) = -q**3 - 8*q**2 + 9*q + 12. What are the prime factors of y(m)?
2, 3
Let t = 11 - 14. Let o = 35 + -23. Let f = o + t. List the prime factors of f.
3
Suppose 4*r + 15 - 3 = 0. What are the prime factors of (-7)/(-21) + (-38)/r?
13
Let h(w) = 4*w - 3*w + 4*w**2 - 3*w**2 - 2*w + 3. List the prime factors of h(-4).
23
Suppose -z - 5 = -7. Suppose 3*u = 5*o + 14, z*o = u - 3 - 0. List the prime factors of u.
13
Suppose -7*z + 216 = -2*z + 2*l, 2*z - 5*l = 98. Let n be (-3)/9 + z/(-3). What are the prime factors of n*(1 + (-15)/9)?
2, 5
Let q = -12 - -14. Suppose 19 + 15 = q*y. What are the prime factors of y?
17
Let i(u) = -u**3 - u**2 + 2*u + 1. Let s be i(-1). Let t = 4 - 3. Let m = t - s. List the prime factors of m.
2
Suppose 24 + 51 = 5*u + t, 5*u - 75 = -2*t. Let j = -8 + u. What are the prime factors of j?
7
Let b = -4 - -14. What are the prime factors of b?
2, 5
Suppose 0 = s + 3*s - 12. Let l = s - -21. List the prime factors of l.
2, 3
Let b(z) = z**3 - 10*z**2 + 4*z - 10. Let q be (-74)/(-8) + (-15)/(-20). What are the prime factors of b(q)?
2, 3, 5
Suppose 4*q = -2*t + 426, 3*t - 7*q = -2*q + 650. List the prime factors of t.
5, 43
Let z(p) = -8*p + 8. Let k be z(2). Let b(y) = 1 - y - y**3 + 2*y**3 + 4 + 8*y**2. List the prime factors of b(k).
13
Suppose -28 = -f - 0*f. Let z = f + -11. What are the prime factors of z?
17
Let q be (56/10)/(2/5). What are the prime factors of (-3)/(15/q)*-5?
2, 7
Let a(z) = -z**2 - 7*z + 10. Let g be a(-7). Let j be (-50)/(-4)*32/g. Suppose 4*p = -p + j. List the prime factors of p.
2
Suppose 6 = 4*m - u - 3, -5 = -m + 3*u. Suppose -v + 16 = r + m, v + 5*r - 34 = 0. What are the prime factors of v?
3
Let y be 10/(-4)*16/(-10). List the prime factors of 261/12 - (-1)/y.
2, 11
Let c(p) = p**3 + 6*p**2 + 2*p + 9. Let o be c(-6). What are the prime factors of (o - 1)*(-1)/1?
2
Suppose 0 = 4*z - 11 + 3. Suppose 0*u + u - 4 = f, z*u + 5*f = 29. List the prime factors of u.
7
Let t(y) = -11*y. Let j be t(-3). Let q = j - 20. What are the prime factors of q?
13
Suppose -3*f + 47 + 40 = 0. List the prime factors of f.
29
Suppose -y - 32 = -3*y. List the prime factors of y.
2
Let n(x) = x + 12. Let v be n(-9). What are the prime factors of 14 - -4 - (2 - v)?
19
Let a(y) = -11*y**3 - 10*y**2 - 18*y + 23. Let j(m) = -4*m**3 - 3*m**2 - 6*m + 8. Let w(g) = 3*a(g) - 8*j(g). What are the prime factors of w(-5)?
2, 5
Let u be ((-2)/((-2)/(-1)))/(-1). Suppose u = -r + 6. What are the prime factors of 2/(r/(135/6))?
3
List the prime factors of (-86 - 8)/(1 + -2).
2, 47
Let f(z) = 2*z**2 - 6*z - 4. Let y be f(6). Suppose -l + 115 = 5*a, -2*l - y = -a + 2. List the prime factors of a.
2, 3
Let f = -121 + 164. List the prime factors of f.
43
Let h(m) = -2*m + 9*m**2 - 1 + m**3 - 3*m**2 - m + 0*m. List the prime factors of h(-6).
17
Let g be -1*((-20)/(-4) - 2). List the prime factors of g + 35 + 0 + -1.
31
Suppose 5*u = 2*u + 6. Suppose 4*k - 34 = -3*h, 4*h + 4*k = 42 + u. What are the prime factors of h?
2, 5
Let w = -24 + 55. Let a = w - 16. List the prime factors of a.
3, 5
Let z(n) = 2*n**2 - n + 1. Let t be z(1). Suppose t*j - 4*m - 44 = -12, -3*j + 36 = -3*m. List the prime factors of j.
2
Suppose -37 + 7 = 3*l. Suppose -p - 58 = -3*p. List the prime factors of 1/(p/l - -3).
2, 5
Suppose 3*j - 59 - 163 = 0. What are the prime factors of j?
2, 37
Suppose -m = 5*l - 52, 7*l - 5*m - 20 = 4*l. What are the prime factors of l?
2, 5
Suppose 0 = -7*w + 2*w + 250. What are the prime factors of w?
2, 5
Let u(a) = -5*a**2 - a - 2. Let j(k) = 4*k**2 + 1. Let z(y) = -4*j(y) - 3*u(y). List the prime factors of z(3).
2
Let m(b) = 2*b**3 + b**2 - 1. Let w be m(1). List the prime factors of (w - -1)*(-41)/(-3).
41
Suppose 2*w + 0*w - 32 = 0. What are the prime factors of w?
2
Let b = 82 + -41. What are the prime factors of b?
41
Suppose 0 = 5*u - 2*r - 29, u + r + 1 = -2*r. Suppose u*b + 24 - 83 = -3*t, t = 5*b - 67. List the prime factors of b.
13
Let q = 83 + -15. Suppose q = 5*c - 12. What are the prime factors of (-4)/c + (-21)/(-4)?
5
Let l(i) = 40*i - 27. List the prime factors of l(6).
3, 71
Let f = 33 - -10. What are the prime factors of f?
43
Let j = 0 - -4. Suppose 6*x - j = x - 2*g, 5*x - 16 = 2*g. Suppose 18 + 6 = x*a. What are the prime factors of a?
2, 3
Suppose -3*l + 1 = -2. Let q = l + 0. What are the prime factors of (-1